{"id":352,"date":"2020-10-05T16:56:53","date_gmt":"2020-10-05T19:56:53","guid":{"rendered":"https:\/\/paradadasmultas.com.br\/?page_id=352"},"modified":"2021-05-25T12:33:38","modified_gmt":"2021-05-25T15:33:38","slug":"parceiros","status":"publish","type":"page","link":"https:\/\/paradadasmultas.com.br\/index.php\/parceiros\/","title":{"rendered":"Parceiros"},"content":{"rendered":"<p>[et_pb_section fb_built=&#8221;1&#8243; admin_label=&#8221;section&#8221; _builder_version=&#8221;3.22&#8243;][et_pb_row _builder_version=&#8221;4.9.2&#8243; _module_preset=&#8221;default&#8221;][et_pb_column type=&#8221;4_4&#8243; _builder_version=&#8221;4.9.2&#8243; _module_preset=&#8221;default&#8221;][et_pb_text _builder_version=&#8221;4.9.2&#8243; _module_preset=&#8221;default&#8221;]<\/p>\n<h1>Parceiros<\/h1>\n<p>[\/et_pb_text][\/et_pb_column][\/et_pb_row][et_pb_row admin_label=&#8221;row&#8221; _builder_version=&#8221;3.25&#8243; background_size=&#8221;initial&#8221; background_position=&#8221;top_left&#8221; background_repeat=&#8221;repeat&#8221;][et_pb_column type=&#8221;4_4&#8243; _builder_version=&#8221;3.25&#8243; custom_padding=&#8221;|||&#8221; custom_padding__hover=&#8221;|||&#8221;][et_pb_text _builder_version=&#8221;4.9.2&#8243; _module_preset=&#8221;default&#8221;]<\/p>\n<p><span style=\"color: #050750;\" class=\"has-inline-color\">NOSSOS CREDENCIADOS E PARCEIROS:<\/span><\/p>\n<p>[\/et_pb_text][\/et_pb_column][\/et_pb_row][et_pb_row _builder_version=&#8221;4.9.2&#8243; _module_preset=&#8221;default&#8221;][et_pb_column type=&#8221;4_4&#8243; _builder_version=&#8221;4.9.2&#8243; _module_preset=&#8221;default&#8221;][et_pb_code _builder_version=&#8221;4.9.2&#8243; _module_preset=&#8221;default&#8221; hover_enabled=&#8221;0&#8243; sticky_enabled=&#8221;0&#8243;]<style type=\"text\/css\">div#logo-carousel-free-981.logo-carousel-free .sp-lc-logo:hover{\n\t\t\t\t\tborder: 1px solid #16a08b;\n\t\t\t\t}#logo-carousel-free-981.sp-lc-container .sp-logo-carousel {\n\t\t\t\t\tpadding-bottom: 46px;\n\t\t\t\t}\n\t\t\t\t#logo-carousel-free-981.sp-lc-container .sp-lc-pagination .swiper-pagination-bullet {\n\t\t\t\t\tbackground-color: #ddd; \n\t\t\t\t}\n\t\t\t\t#logo-carousel-free-981.sp-lc-container .sp-lc-pagination .swiper-pagination-bullet.swiper-pagination-bullet-active{background-color: #16a08b; }\n\t\t\t\t#logo-carousel-free-981.sp-lc-container .sp-logo-carousel {\n\t\t\t\t\tpadding-top: 46px;\n\t\t\t\t}\n\t\t\t\t#logo-carousel-free-981.sp-lc-container .sp-lc-button-prev,\n\t\t\t\t#logo-carousel-free-981.sp-lc-container .sp-lc-button-next {\n\t\t\t\t\tcolor: #afafaf;\n\t\t\t\t}\n\t\t\t\t#logo-carousel-free-981.sp-lc-container .sp-lc-button-prev:hover,\n\t\t\t\t#logo-carousel-free-981.sp-lc-container .sp-lc-button-next:hover{\n\t\t\t\t\tbackground-color: #16a08b;\n\t\t\t\t\tcolor: #fff;\n\t\t\t\t}<\/style><div id='logo-carousel-free-981' class=\"logo-carousel-free logo-carousel-free-free-area sp-lc-container\"><div id=\"sp-logo-carousel-id-981\" class=\"swiper-container sp-logo-carousel\" dir=\"ltr\" data-carousel='{ \"speed\":450, \"autoplay\": true, \"autoplay_speed\": 3000, \"stop_onHover\": true, \"pagination\": true, \"navigation\": true, \"simulateTouch\": true, \"allowTouchMove\": true,\n\t\t\t\t\"slidesPerView\": {\"lg_desktop\": 5, \"desktop\": 5, \"tablet\": 4, \"mobile_landscape\": 3, \"mobile\": 2} }'><div class=\"swiper-wrapper\"><div class=\"swiper-slide\"><div class=\"sp-lc-logo\"><img src=\"https:\/\/paradadasmultas.com.br\/wp-content\/uploads\/2021\/04\/toledo-1024x1024.jpeg\" alt=\"Toledo Despachante\" \/><\/div><\/div><div class=\"swiper-slide\"><div class=\"sp-lc-logo\"><img src=\"https:\/\/paradadasmultas.com.br\/wp-content\/uploads\/2021\/05\/getrak-1.jpg\" alt=\"\" \/><\/div><\/div><div class=\"swiper-slide\"><div class=\"sp-lc-logo\"><img src=\"https:\/\/paradadasmultas.com.br\/wp-content\/uploads\/2021\/05\/teltonika-1024x576-1.jpg\" alt=\"\" \/><\/div><\/div><div class=\"swiper-slide\"><div class=\"sp-lc-logo\"><img src=\"https:\/\/paradadasmultas.com.br\/wp-content\/uploads\/2021\/05\/LOGO-MAIO-AMARELO-2021_2-1024x641.png\" alt=\"\" \/><\/div><\/div><div class=\"swiper-slide\"><div class=\"sp-lc-logo\"><img src=\"https:\/\/paradadasmultas.com.br\/wp-content\/uploads\/2021\/05\/LOGO-ONSV-1024x576.jpg\" alt=\"\" \/><\/div><\/div><div class=\"swiper-slide\"><div class=\"sp-lc-logo\"><img src=\"https:\/\/paradadasmultas.com.br\/wp-content\/uploads\/2021\/05\/ANATEL.jpg\" alt=\"\" \/><\/div><\/div><div class=\"swiper-slide\"><div class=\"sp-lc-logo\"><img src=\"https:\/\/paradadasmultas.com.br\/wp-content\/uploads\/2021\/05\/IBREPTRAN.jpg\" alt=\"IBREPTRAN\" \/><\/div><\/div><div class=\"swiper-slide\"><div class=\"sp-lc-logo\"><img src=\"https:\/\/paradadasmultas.com.br\/wp-content\/uploads\/2021\/06\/CARTAO-DE-TODOS.jpeg\" alt=\"\" \/><\/div><\/div><div class=\"swiper-slide\"><div class=\"sp-lc-logo\"><img src=\"https:\/\/paradadasmultas.com.br\/wp-content\/uploads\/2021\/06\/TOP-X.png\" alt=\"\" \/><\/div><\/div><\/div><div class=\"sp-lc-pagination swiper-pagination dots\"><\/div><div class=\"sp-lc-button-next\"><i class=\"fa fa-angle-right\"><\/i><\/div><div class=\"sp-lc-button-prev\"><i class=\"fa fa-angle-left\"><\/i><\/div><\/div><\/div>[\/et_pb_code][\/et_pb_column][\/et_pb_row][\/et_pb_section]<\/p>\n","protected":false},"excerpt":{"rendered":"<p>[et_pb_section fb_built=&#8221;1&#8243; admin_label=&#8221;section&#8221; _builder_version=&#8221;3.22&#8243;][et_pb_row _builder_version=&#8221;4.9.2&#8243; _module_preset=&#8221;default&#8221;][et_pb_column type=&#8221;4_4&#8243; _builder_version=&#8221;4.9.2&#8243; _module_preset=&#8221;default&#8221;][et_pb_text _builder_version=&#8221;4.9.2&#8243; _module_preset=&#8221;default&#8221;] Parceiros [\/et_pb_text][\/et_pb_column][\/et_pb_row][et_pb_row admin_label=&#8221;row&#8221; _builder_version=&#8221;3.25&#8243; background_size=&#8221;initial&#8221; background_position=&#8221;top_left&#8221; background_repeat=&#8221;repeat&#8221;][et_pb_column type=&#8221;4_4&#8243; _builder_version=&#8221;3.25&#8243; custom_padding=&#8221;|||&#8221; custom_padding__hover=&#8221;|||&#8221;][et_pb_text _builder_version=&#8221;4.9.2&#8243; _module_preset=&#8221;default&#8221;] NOSSOS CREDENCIADOS E PARCEIROS: [\/et_pb_text][\/et_pb_column][\/et_pb_row][et_pb_row _builder_version=&#8221;4.9.2&#8243; _module_preset=&#8221;default&#8221;][et_pb_column type=&#8221;4_4&#8243; _builder_version=&#8221;4.9.2&#8243; _module_preset=&#8221;default&#8221;][et_pb_code _builder_version=&#8221;4.9.2&#8243; _module_preset=&#8221;default&#8221; hover_enabled=&#8221;0&#8243; sticky_enabled=&#8221;0&#8243;][\/et_pb_code][\/et_pb_column][\/et_pb_row][\/et_pb_section]<\/p>\n","protected":false},"author":1,"featured_media":0,"parent":0,"menu_order":0,"comment_status":"closed","ping_status":"closed","template":"","meta":{"_et_pb_use_builder":"on","_et_pb_old_content":"<!-- wp:image {\"align\":\"left\",\"width\":273,\"height\":71} -->\n<div class=\"wp-block-image\"><figure class=\"alignleft is-resized\"><a href=\"https:\/\/cursosibrep.com.br\/es\/cidade\/cursos\/parada-das-multas\"><img src=\"https:\/\/paradadasmultas.com.br\/wp-content\/uploads\/2020\/10\/IBREP.png\" alt=\"O atributo alt desta imagem est\u00e1 vazio. O nome do arquivo \u00e9 IBREP.png\" width=\"273\" height=\"71\"\/><\/a><figcaption><strong><span style=\"color:#050750\" class=\"has-inline-color\">SOMOS CREDENCIADOS JUNTO AO IBREPTRAN<\/span><\/strong><\/figcaption><\/figure><\/div>\n<!-- \/wp:image -->\n\n<!-- wp:group -->\n<div class=\"wp-block-group\"><div class=\"wp-block-group__inner-container\"><!-- wp:shortcode \/--><\/div><\/div>\n<!-- \/wp:group -->\n\n<!-- wp:image {\"align\":\"left\",\"id\":502,\"width\":195,\"height\":167,\"sizeSlug\":\"large\"} -->\n<div class=\"wp-block-image\"><figure class=\"alignleft size-large is-resized\"><img src=\"https:\/\/paradadasmultas.com.br\/wp-content\/uploads\/2020\/10\/1604076630300-1024x1024.jpg\" alt=\"\" class=\"wp-image-502\" width=\"195\" height=\"167\"\/><figcaption><br><\/figcaption><\/figure><\/div>\n<!-- \/wp:image -->\n\n<!-- wp:paragraph -->\n<p><\/p>\n<!-- \/wp:paragraph -->","_et_gb_content_width":""},"yoast_head":"<!-- This site is optimized with the Yoast SEO plugin v15.9.2 - https:\/\/yoast.com\/wordpress\/plugins\/seo\/ -->\n<title>Parceiros - Parada das Multas<\/title>\n<meta name=\"description\" content=\"Queremos selar o compromisso de oferecer a voc\u00ea o melhor recurso para o deferimento da sua multa. Disponibilizamos o (S.A.C) Servi\u00e7o de Atendimento ao Cliente, atrav\u00e9s do WhatsApp (27)99890-9694, voc\u00ea fala diretamente com profissional e esclarece todas as d\u00favidas relacionadas ao assunto totalmente gratuita.\" \/>\n<meta name=\"robots\" content=\"index, follow, max-snippet:-1, max-image-preview:large, max-video-preview:-1\" \/>\n<link rel=\"canonical\" href=\"https:\/\/paradadasmultas.com.br\/index.php\/parceiros\/\" \/>\n<meta property=\"og:locale\" content=\"pt_BR\" \/>\n<meta property=\"og:type\" content=\"article\" \/>\n<meta property=\"og:title\" content=\"Parceiros - Parada das Multas\" \/>\n<meta property=\"og:description\" content=\"Queremos selar o compromisso de oferecer a voc\u00ea o melhor recurso para o deferimento da sua multa. Disponibilizamos o (S.A.C) Servi\u00e7o de Atendimento ao Cliente, atrav\u00e9s do WhatsApp (27)99890-9694, voc\u00ea fala diretamente com profissional e esclarece todas as d\u00favidas relacionadas ao assunto totalmente gratuita.\" \/>\n<meta property=\"og:url\" content=\"https:\/\/paradadasmultas.com.br\/index.php\/parceiros\/\" \/>\n<meta property=\"og:site_name\" content=\"Parada das Multas\" \/>\n<meta property=\"article:modified_time\" content=\"2021-05-25T15:33:38+00:00\" \/>\n<meta name=\"twitter:card\" content=\"summary_large_image\" \/>\n<meta name=\"twitter:label1\" content=\"Est. reading time\">\n\t<meta name=\"twitter:data1\" content=\"1 minuto\">\n<script type=\"application\/ld+json\" class=\"yoast-schema-graph\">{\"@context\":\"https:\/\/schema.org\",\"@graph\":[{\"@type\":\"Organization\",\"@id\":\"https:\/\/paradadasmultas.com.br\/#organization\",\"name\":\"Parada das Multas\",\"url\":\"https:\/\/paradadasmultas.com.br\/\",\"sameAs\":[],\"logo\":{\"@type\":\"ImageObject\",\"@id\":\"https:\/\/paradadasmultas.com.br\/#logo\",\"inLanguage\":\"pt-BR\",\"url\":\"https:\/\/paradadasmultas.com.br\/wp-content\/uploads\/2020\/10\/parada-das-multas-1.png\",\"width\":227,\"height\":120,\"caption\":\"Parada das Multas\"},\"image\":{\"@id\":\"https:\/\/paradadasmultas.com.br\/#logo\"}},{\"@type\":\"WebSite\",\"@id\":\"https:\/\/paradadasmultas.com.br\/#website\",\"url\":\"https:\/\/paradadasmultas.com.br\/\",\"name\":\"Parada das Multas\",\"description\":\"Levou multa e n\\u00e3o sabe como recorrer?\",\"publisher\":{\"@id\":\"https:\/\/paradadasmultas.com.br\/#organization\"},\"potentialAction\":[{\"@type\":\"SearchAction\",\"target\":\"https:\/\/paradadasmultas.com.br\/?s={search_term_string}\",\"query-input\":\"required name=search_term_string\"}],\"inLanguage\":\"pt-BR\"},{\"@type\":\"WebPage\",\"@id\":\"https:\/\/paradadasmultas.com.br\/index.php\/parceiros\/#webpage\",\"url\":\"https:\/\/paradadasmultas.com.br\/index.php\/parceiros\/\",\"name\":\"Parceiros - Parada das Multas\",\"isPartOf\":{\"@id\":\"https:\/\/paradadasmultas.com.br\/#website\"},\"datePublished\":\"2020-10-05T19:56:53+00:00\",\"dateModified\":\"2021-05-25T15:33:38+00:00\",\"description\":\"Queremos selar o compromisso de oferecer a voc\\u00ea o melhor recurso para o deferimento da sua multa. Disponibilizamos o (S.A.C) Servi\\u00e7o de Atendimento ao Cliente, atrav\\u00e9s do WhatsApp (27)99890-9694, voc\\u00ea fala diretamente com profissional e esclarece todas as d\\u00favidas relacionadas ao assunto totalmente gratuita.\",\"breadcrumb\":{\"@id\":\"https:\/\/paradadasmultas.com.br\/index.php\/parceiros\/#breadcrumb\"},\"inLanguage\":\"pt-BR\",\"potentialAction\":[{\"@type\":\"ReadAction\",\"target\":[\"https:\/\/paradadasmultas.com.br\/index.php\/parceiros\/\"]}]},{\"@type\":\"BreadcrumbList\",\"@id\":\"https:\/\/paradadasmultas.com.br\/index.php\/parceiros\/#breadcrumb\",\"itemListElement\":[{\"@type\":\"ListItem\",\"position\":1,\"item\":{\"@type\":\"WebPage\",\"@id\":\"https:\/\/paradadasmultas.com.br\/\",\"url\":\"https:\/\/paradadasmultas.com.br\/\",\"name\":\"In\\u00edcio\"}},{\"@type\":\"ListItem\",\"position\":2,\"item\":{\"@type\":\"WebPage\",\"@id\":\"https:\/\/paradadasmultas.com.br\/index.php\/parceiros\/\",\"url\":\"https:\/\/paradadasmultas.com.br\/index.php\/parceiros\/\",\"name\":\"Parceiros\"}}]}]}<\/script>\n<!-- \/ Yoast SEO plugin. -->","_links":{"self":[{"href":"https:\/\/paradadasmultas.com.br\/index.php\/wp-json\/wp\/v2\/pages\/352"}],"collection":[{"href":"https:\/\/paradadasmultas.com.br\/index.php\/wp-json\/wp\/v2\/pages"}],"about":[{"href":"https:\/\/paradadasmultas.com.br\/index.php\/wp-json\/wp\/v2\/types\/page"}],"author":[{"embeddable":true,"href":"https:\/\/paradadasmultas.com.br\/index.php\/wp-json\/wp\/v2\/users\/1"}],"replies":[{"embeddable":true,"href":"https:\/\/paradadasmultas.com.br\/index.php\/wp-json\/wp\/v2\/comments?post=352"}],"version-history":[{"count":44,"href":"https:\/\/paradadasmultas.com.br\/index.php\/wp-json\/wp\/v2\/pages\/352\/revisions"}],"predecessor-version":[{"id":1630,"href":"https:\/\/paradadasmultas.com.br\/index.php\/wp-json\/wp\/v2\/pages\/352\/revisions\/1630"}],"wp:attachment":[{"href":"https:\/\/paradadasmultas.com.br\/index.php\/wp-json\/wp\/v2\/media?parent=352"}],"curies":[{"name":"wp","href":"https:\/\/api.w.org\/{rel}","templated":true}]}}